6 = 4*a. What are the prime factors of k?
2, 3
Suppose 5*w - 3*y - 370 = 0, 2*w - 3*y - 107 = 32. List the prime factors of w.
7, 11
Let c(f) = -f**2 - f - 1. Let v(x) = -5*x**2 + 5*x - 6. Let y(q) = 4*c(q) - v(q). Let j(n) be the first derivative of y(n). List the prime factors of j(6).
3
Suppose 2*r - 7*r = -3*t + 131, 0 = 3*t - 2*r - 137. What are the prime factors of t?
47
List the prime factors of 0 + 792/6 - -1.
7, 19
Let h(j) = -9*j + 1. Let b be h(2). Let l = 8 - b. Let g = l - 13. List the prime factors of g.
2, 3
Suppose 0 = -0*g + g. Let v be 6/2*(g + 1). Suppose -v*a = a - 28. List the prime factors of a.
7
Let o = -40 + 117. What are the prime factors of o?
7, 11
Suppose 5*k - 70 = -3*u - u, -3*u + 25 = k. What are the prime factors of -35*(-2 - (-16)/k)?
2, 7
Let f(t) = -t + 1. Let j be f(-1). Suppose j*v = 6*v + c + 19, 3*v - 2*c + 6 = 0. Let w = -1 - v. What are the prime factors of w?
3
Let u(j) = -j**2 - 8*j + 11. Let t be u(-9). Suppose 0 = -2*f + t*r + 5 - 13, f + 2*r = 11. What are the prime factors of f*9*(-3)/(-3)?
3
What are the prime factors of -3 + 178 + 3 + -7?
3, 19
Let u be (6/15)/(2/(-110)). Let v be 265/55 - 4/u. Let h(y) = -y**3 + 5*y**2 - y + 7. What are the prime factors of h(v)?
2
Suppose 0 = -0*v - v + 2. Suppose 0 = 4*q + c - 24, -v*c + 0*c - 2 = -2*q. Suppose -q*t - 2*r + 9 = -25, t = -5*r - 7. What are the prime factors of t?
2
Suppose 0 = 2*v - 1 - 273. What are the prime factors of v?
137
Let y be 1*5*(-1 - -2). Let h(m) = m**2 - m - 5. Let i be h(y). Suppose i = 4*k + 3*u, 4 = k - 3*u + 4*u. List the prime factors of k.
3
Suppose -2*u - 72 + 212 = 0. List the prime factors of u.
2, 5, 7
Let u be 6*(-1)/(-4)*2. Suppose u*z = d + 23 - 4, 5*d = 10. What are the prime factors of z?
7
Let b = 0 - 0. Suppose b = 3*i + g - 10, -4*i - 3*g + 17 = 2. Suppose -i*y + 17 = -1. List the prime factors of y.
2, 3
Let b(n) = -n**2 - 4*n. Let l be b(-3). Let c = -2 + l. List the prime factors of (-6 - -1)*c/(-1).
5
Let b = 5 + -2. Suppose -b*z - 7 + 4 = 0, -3*v + 6 = 3*z. Suppose 2*i = v*j + 6, -i + j = i - 14. What are the prime factors of i?
3
Suppose 2*f + 108 = 5*f. Suppose -2*b + f + 2 = 0. List the prime factors of b.
19
Let p(y) = -y**2 + 10*y + 12. Suppose 0 = -5*z - 5*s + 25, -z + 40 = z - 4*s. List the prime factors of p(z).
2, 3
Let n be (2 - 0)/(1/9). Suppose -5*r = -5*c + 20, -n = 3*r - c - 4*c. Let k = r - -13. What are the prime factors of k?
2, 3
Let w = 0 + -3. Let d(s) = -s**3 - s**2 + 3*s - 3. What are the prime factors of d(w)?
2, 3
Let j be ((-14)/(-5))/((-2)/(-10)). Let f = 34 - j. What are the prime factors of f?
2, 5
Let v be 2/((4/61)/2). Let y = -19 + v. List the prime factors of y.
2, 3, 7
Let i(u) = u**2 - 4*u - 3. What are the prime factors of i(-6)?
3, 19
Let y = 642 - 454. List the prime factors of y.
2, 47
List the prime factors of 3 - 1/(3/(-120)).
43
Let r(g) = g**3 - 4*g**2 - 7 - 5*g**2 - 2*g + 4*g**2 + 5*g. Let a(t) = -6*t**3 - 2*t**2 - t. Let z be a(-1). List the prime factors of r(z).
2
Let t = 85 + -66. What are the prime factors of t?
19
Let j be (3 - (-88)/(-12))*6. Let l = j - -39. What are the prime factors of l?
13
Suppose -26*d + 216 = -23*d. What are the prime factors of d?
2, 3
Suppose -5 - 7 = 3*q. List the prime factors of (q + 0)*30/(-8).
3, 5
Let c be 3 - 1 - (-5 - 5). Let m = c - 6. List the prime factors of m.
2, 3
What are the prime factors of -10*(4 - ((-47)/(-2) - -2))?
5, 43
Let l = 10 - 8. Suppose 23 = 2*c + 3*a + l*a, 4*a = -c + 13. What are the prime factors of c?
3
Suppose -3*n + 3*w + 54 = -6, 3*n - 65 = 4*w. Suppose 3*s = 5*u - 20, 0 = -5*u + 5*s + n + 15. Let v = u + 9. List the prime factors of v.
2, 5
Let f(l) be the first derivative of -2*l - 2 + 1/2*l**2 + 2/3*l**3. What are the prime factors of f(2)?
2
Let r = 5 - 3. Suppose 5*b + 4*h = 62 + 5, r*h + 4 = 0. What are the prime factors of b?
3, 5
Suppose 0 = -0*l - 3*l + 408. List the prime factors of l.
2, 17
Let p(q) = q**2 + 10*q + 3. Let h be p(-10). Let j = -1 - h. List the prime factors of (6/j)/((-2)/12).
3
Let s be (6/3 + -3)*11. Let g(w) = -w**2 - 13*w - 9. List the prime factors of g(s).
13
Let k(x) = -x**2 + 9*x + 5. What are the prime factors of k(6)?
23
Let c = -37 + -28. What are the prime factors of 5*1*(-351)/c?
3
Let m = 0 - 3. List the prime factors of (-1 - -11)*(-3)/m.
2, 5
Suppose j - 55 + 5 = -n, 4*j - 4*n - 224 = 0. What are the prime factors of j?
53
Let m = 3 - -27. List the prime factors of m.
2, 3, 5
Suppose 0*y + 468 = 2*y. List the prime factors of y.
2, 3, 13
Let d(k) = 8*k**2 + 2 + 4 - k**3 + 0*k**3 - 9*k. Let s be d(6). Suppose 2*g = 5*g - s. List the prime factors of g.
2
What are the prime factors of 3*23 + (10/(-5))/(-2)?
2, 5, 7
Let z = -6 + 9. Suppose -2*h = -z*h + 18. List the prime factors of h.
2, 3
Suppose 0 = a - 0*a - 85. List the prime factors of a.
5, 17
Let n(d) = 4*d**2 - 2*d - 1. What are the prime factors of n(-1)?
5
Let w = 10 - 9. Let o = 18 + w. List the prime factors of o.
19
Let d be (-27)/5 + (-10)/(-25). Let p be 2*d*(-1)/2. Suppose 4 = 3*t - p*w - 28, -42 = -5*t - 3*w. List the prime factors of t.
3
Suppose 0 = 3*k + k. Suppose 0 = -k*w - w + 2. What are the prime factors of 5*-1*(-4)/w?
2, 5
Let f = -21 + 90. List the prime factors of f.
3, 23
Let b(t) be the first derivative of t**2/2 - 4*t + 2. Let s be b(6). Suppose q - s*q + 10 = 0. List the prime factors of q.
2, 5
List the prime factors of 3 + (-7)/2 + 2484/8.
2, 5, 31
Let c = 11 + -6. Suppose -3*n = -5*n + 3*p + 15, -c*n - 4*p + 3 = 0. What are the prime factors of n?
3
Let z(l) = 26*l + 2. Let m be z(2). Suppose -4*q = -6*q + m. Let t = q + -15. What are the prime factors of t?
2, 3
Let h(i) = -3*i + 3. What are the prime factors of h(-15)?
2, 3
Let k(t) = t**2 - 7*t + 8. List the prime factors of k(8).
2
Suppose -4*f + 182 = 3*f. What are the prime factors of f?
2, 13
Suppose -5*o + 2*o + 15 = 0. List the prime factors of o.
5
Let a = -30 + 149. What are the prime factors of a?
7, 17
Suppose 2*c - 111 = -5*r, -6*c - 3*r = -2*c - 187. List the prime factors of c.
43
Let f(a) = -a**2 + 13*a. Let d be f(13). Suppose d = -3*j + 6*j - 144. List the prime factors of j.
2, 3
Let r = 25 + 8. What are the prime factors of r?
3, 11
Suppose -3*a + 29 + 9 = -v, v = -4*a + 53. List the prime factors of a.
13
Let i(x) = x**2 - 3*x - 6. Let t be i(5). Let v(a) = -a + 7. Let p be v(t). What are the prime factors of 37/p + (-1)/3?
2, 3
Let b = 53 + -27. List the prime factors of b.
2, 13
Let t(m) = m**3 + 3*m**2 - 3*m - 2. Let b be t(-4). Let k be b/(-21) + (-96)/(-7). Suppose -4*z = -k - 26. What are the prime factors of z?
2, 5
Suppose -4*q = -0*q - 104. Suppose -5*d - 3*b = -141, 2*d = 3*b + 22 + q. What are the prime factors of (-2)/((-6)/d)*1?
3
What are the prime factors of 8/(-3 - -1) + 36?
2
Let v be 3 + -69 + (-6 - -10). Let z = -43 - v. List the prime factors of z.
19
Let h = 38 + -14. What are the prime factors of h?
2, 3
Let z(a) = a**2 + 5*a - 4. Let c be z(-6). Let m = 55 + -45. Suppose -f + m = -j, -5*f + 37 + 28 = -c*j. List the prime factors of f.
3, 5
Suppose 89 = -5*c - 101. Let y = 53 + c. List the prime factors of y.
3, 5
Let s(a) = -a - 1. Suppose u = -4 - 4. List the prime factors of s(u).
7
Suppose 3*s + 5*x = -26, -5*x = -3*s + 13 + 1. What are the prime factors of s*((-231)/6)/7?
11
Let z(p) be the second derivative of -p**5/20 - p**4/12 - 2*p**3/3 - 2*p**2 - p. Let x be z(-3). Let a = -13 + x. What are the prime factors of a?
13
Let a(g) = g**2 - 8*g + 2. Let n(x) = -3*x - 3 - 2*x**2 + x + 15*x + 2*x. Let y(o) = -7*a(o) - 4*n(o). What are the prime factors of y(6)?
2, 5
Let y = -13 + 8. Let a = y - -5. Suppose a = -5*j + 2*j + 21. What are the prime factors of j?
7
Suppose 0 = -5*p + 7 + 13. Suppose 0 = p*s - 4, -2*y + 0*s + 31 = s. What are the prime factors of y?
3, 5
Let r = -17 + 34. List the prime factors of r.
17
Let w(l) be the third derivative of 0 + 1/60*l**5 + 0*l - 1/6*l**3 - 1/6*l**4 - 2*l**2. List the prime factors of w(6).
11
Let i be (-2 + 0)/(2/(-5)). Let f be (i - 1)/((-2)/(-3)). List the prime factors of (-33)/(-9)*(-3 + f).
11
Let d = -11 + -119. Let h be (-3)/(18/d)*-3. List the prime factors of 10/(-45) - h/9.
7
Suppose 3*m - 164 = 79. List the prime fa